0 and 6800?
50
Calculate the greatest common factor of 106 and 2067.
53
Calculate the greatest common divisor of 1582 and 126.
14
What is the highest common factor of 50211 and 9?
9
Calculate the highest common divisor of 754 and 116.
58
Calculate the highest common divisor of 2629 and 33.
11
Calculate the greatest common factor of 488 and 61.
61
Calculate the greatest common divisor of 37973 and 299.
299
Calculate the greatest common divisor of 15 and 845.
5
Calculate the highest common divisor of 1080 and 3.
3
What is the greatest common divisor of 4978 and 171?
19
Calculate the highest common factor of 1 and 3961.
1
Calculate the highest common divisor of 1216 and 342.
38
Calculate the highest common factor of 52 and 468.
52
What is the greatest common divisor of 9670 and 5?
5
Calculate the greatest common factor of 72 and 90.
18
Calculate the highest common divisor of 36 and 31080.
12
What is the greatest common factor of 2183 and 236?
59
Calculate the highest common divisor of 14972 and 76.
76
Calculate the highest common factor of 132 and 220.
44
What is the highest common factor of 602 and 14?
14
What is the greatest common factor of 1144 and 26?
26
What is the greatest common factor of 320 and 10?
10
Calculate the highest common factor of 2185 and 380.
95
Calculate the highest common divisor of 774 and 8.
2
What is the highest common factor of 28 and 700?
28
Calculate the greatest common divisor of 12 and 636.
12
Calculate the greatest common divisor of 260 and 1027.
13
Calculate the greatest common divisor of 2835 and 90.
45
Calculate the highest common factor of 1953 and 217.
217
What is the greatest common divisor of 343 and 147?
49
What is the greatest common divisor of 1374 and 12?
6
Calculate the greatest common factor of 60 and 1180.
20
What is the greatest common factor of 1195 and 75?
5
What is the greatest common factor of 104 and 112?
8
What is the highest common divisor of 286 and 104?
26
What is the highest common divisor of 36 and 180?
36
What is the highest common factor of 3535 and 7?
7
Calculate the greatest common factor of 1118 and 26.
26
Calculate the highest common divisor of 33 and 6.
3
What is the highest common divisor of 35 and 140?
35
What is the greatest common factor of 17 and 15487?
17
Calculate the greatest common factor of 10 and 75.
5
Calculate the greatest common divisor of 1057 and 1359.
151
Calculate the greatest common divisor of 2023 and 476.
119
What is the greatest common divisor of 92 and 253?
23
What is the greatest common factor of 170 and 10?
10
Calculate the greatest common divisor of 1812 and 6.
6
Calculate the highest common factor of 2 and 46.
2
What is the highest common divisor of 3536 and 221?
221
Calculate the greatest common divisor of 2828 and 98.
14
What is the highest common factor of 3195 and 90?
45
Calculate the highest common factor of 11 and 1331.
11
What is the greatest common factor of 133 and 35?
7
What is the greatest common divisor of 220 and 14575?
55
What is the highest common factor of 110 and 270?
10
Calculate the greatest common divisor of 497 and 6248.
71
Calculate the highest common factor of 12 and 336.
12
What is the highest common factor of 72 and 16?
8
Calculate the highest common divisor of 136 and 68.
68
Calculate the greatest common divisor of 2982 and 42.
42
Calculate the highest common factor of 225 and 3.
3
Calculate the greatest common factor of 68 and 16.
4
What is the greatest common divisor of 10524 and 24?
12
Calculate the highest common divisor of 1075 and 25.
25
What is the highest common divisor of 3744 and 117?
117
Calculate the highest common factor of 3 and 1.
1
What is the greatest common factor of 95 and 190?
95
What is the greatest common factor of 72 and 108?
36
What is the greatest common factor of 605 and 1705?
55
What is the highest common factor of 954 and 36?
18
Calculate the greatest common divisor of 280 and 2380.
140
What is the highest common divisor of 3 and 3?
3
What is the highest common divisor of 25 and 3?
1
Calculate the greatest common divisor of 342 and 576.
18
What is the highest common factor of 21 and 7?
7
Calculate the highest common factor of 141 and 329.
47
What is the highest common factor of 20781 and 9?
9
What is the greatest common factor of 41 and 287?
41
What is the greatest common factor of 24 and 18?
6
Calculate the highest common divisor of 172 and 1075.
43
Calculate the highest common divisor of 134 and 201.
67
Calculate the greatest common divisor of 43 and 172.
43
Calculate the highest common divisor of 16 and 1992.
8
Calculate the highest common factor of 258 and 18.
6
Calculate the greatest common divisor of 148 and 2294.
74
Calculate the greatest common factor of 28 and 364.
28
Calculate the greatest common factor of 147 and 35427.
147
Calculate the highest common factor of 4 and 338.
2
What is the highest common divisor of 4023 and 27?
27
What is the highest common factor of 1260 and 40?
20
What is the highest common divisor of 899 and 155?
31
What is the greatest common divisor of 3200 and 575?
25
What is the highest common divisor of 72 and 8?
8
Calculate the highest common divisor of 22627 and 187.
187
Calculate the highest common factor of 186 and 5146.
62
What is the greatest common divisor of 516 and 8?
4
Calculate the highest common divisor of 14 and 427.
7
What is the highest common divisor of 122 and 6466?
122
Calculate the highest common factor of 286 and 2.
2
What is the greatest common divisor of 7271 and 11?
11
What is the greatest common divisor of 399 and 147?
21
Calculate the highest common factor of 5560 and 80.
40
What is the highest common divisor of 90 and 2?
2
Calculate the greatest common divisor of 1702 and 138.
46
What is the highest common divisor of 1350 and 54?
54
What is the greatest common divisor of 96 and 62?
2
What is the highest common factor of 6 and 456?
6
What is the greatest common factor of 117 and 793?
13
What is the greatest common divisor of 147 and 9?
3
What is the greatest common divisor of 65 and 65?
65
What is the highest common divisor of 2500 and 160?
20
Calculate the highest common divisor of 756 and 112.
28
Calculate the highest common factor of 15 and 1200.
15
What is the greatest common divisor of 32 and 176?
16
Calculate the highest common factor of 320 and 240.
80
What is the highest common factor of 189 and 252?
63
Calculate the greatest common factor of 28161 and 189.
189
Calculate the highest common divisor of 10 and 170.
10
What is the greatest common factor of 18 and 99?
9
What is the greatest common divisor of 108 and 4716?
36
What is the highest common factor of 1116 and 2412?
36
Calculate the highest common divisor of 4941 and 405.
81
Calculate the greatest common divisor of 12 and 300.
12
Calculate the highest common divisor of 90 and 855.
45
What is the highest common factor of 2502 and 18?
18
Calculate the highest common factor of 99 and 36.
9
Calculate the highest common factor of 8 and 1536.
8
What is the greatest common factor of 73 and 1168?
73
What is the greatest common factor of 54 and 38?
2
What is the greatest common factor of 2189 and 11?
11
Calculate the greatest common factor of 600 and 2800.
200
Calculate the highest common divisor of 342 and 1444.
38
Calculate the highest common divisor of 258 and 192.
6
What is the greatest common divisor of 12125 and 388?
97
Calculate the highest common factor of 24 and 688.
8
What is the highest common factor of 18 and 48?
6
Calculate the greatest common factor of 3 and 3126.
3
Calculate the highest common divisor of 1071 and 91.
7
What is the greatest common divisor of 308 and 476?
28
Calculate the greatest common factor of 18 and 99.
9
What is the greatest common factor of 10188 and 9?
9
Calculate the greatest common divisor of 9 and 5121.
9
What is the greatest common factor of 2951 and 13?
13
What is the greatest common divisor of 323 and 57?
19
What is the greatest common factor of 675 and 108?
27
Calculate the greatest common divisor of 40 and 610.
10
What is the greatest common divisor of 4 and 3?
1
Calculate the greatest common factor of 1763 and 86.
43
What is the greatest common divisor of 620 and 20?
20
What is the highest common divisor of 129 and 3?
3
Calculate the highest